 d(-46).
-10
Let w(l) = l**3 + 28*l**2 - 3*l - 814. What is w(-27)?
-4
Let l(w) = w**2 - 119*w - 8675. What is l(170)?
-5
Let l(h) = -h**3 + 28*h**2 + 78*h + 4. Determine l(-3).
49
Let h(c) = -c**3 + 8*c**2 + 30*c - 128. Calculate h(10).
-28
Let w(u) = 11*u + 152. What is w(0)?
152
Let b(s) = -s**3 - 24*s**2 + 26*s - 65. What is b(-25)?
-90
Let z(h) = -2*h**2 + 4*h - 7. Determine z(0).
-7
Let t(o) = -o**3 - 12*o**2 - 26*o + 6. Calculate t(-8).
-42
Let h(s) = 15*s - 924. Determine h(27).
-519
Let i(k) = 4*k - 128. Give i(24).
-32
Let o(d) = 231*d - 26158. Calculate o(113).
-55
Let d(o) = 2*o**3 - 124*o**2 - 12. Determine d(62).
-12
Let f(v) = 495*v + 450. Give f(-1).
-45
Let i(w) = 1504*w - 1. Calculate i(0).
-1
Let f(d) = 45*d - 1486. Calculate f(33).
-1
Let h(m) = 28*m**2 + 69*m + 360. Determine h(-5).
715
Let t(c) = -c**3 + 57*c**2 - 277*c + 341. What is t(3)?
-4
Let d(y) = -2*y**2 - 13*y - 48. What is d(-9)?
-93
Let f(y) = 7*y**2 - 58*y - 39. Give f(9).
6
Let p(u) = 13*u**2 - 51*u. Calculate p(5).
70
Let g(n) = 3*n**2 - 78*n - 192. Give g(28).
-24
Let v(r) = -9*r**2 - 16*r - 10. Calculate v(-4).
-90
Let b(o) = o**2 + 3*o - 46. Give b(17).
294
Let j(y) = 7*y**2 - 404*y + 1087. Calculate j(55).
42
Let s(j) = 2*j**2 + 28*j + 26. Calculate s(-17).
128
Let d(y) = 10*y**3 + 140*y**2 + 130*y - 10. Calculate d(-13).
-10
Let b(m) = -710*m - 29125. Calculate b(-41).
-15
Let l(t) = 443*t - 21708. Calculate l(49).
-1
Let d(k) = -k**3 - 20*k**2 + 248*k - 69. Calculate d(-29).
308
Let s(y) = 4*y + 53. Determine s(-20).
-27
Let v(x) = 233*x + 124. What is v(-2)?
-342
Let s(a) = -45*a**2 - 8*a + 10. Give s(1).
-43
Let m(k) = -k**3 + 171*k**2 + 85*k - 14552. What is m(171)?
-17
Let r(y) = -y**3 - 79*y**2 - 1222*y - 26. What is r(-21)?
58
Let n(r) = -r**2 - 181*r + 561. Calculate n(3).
9
Let j(c) = 54*c - 408. Determine j(8).
24
Let a(p) = p**3 - 24*p**2 + 57*p + 379. Give a(20).
-81
Let d(r) = -2*r**3 + 17*r**2 - 40*r - 7. Determine d(6).
-67
Let z(l) = 8*l - 74. What is z(-3)?
-98
Let c(f) = -79*f + 19. Calculate c(1).
-60
Let c(s) = 17*s**2 + 59*s - 183. Give c(3).
147
Let t(f) = -2*f**3 - 2*f**2 + 7*f + 26. Determine t(-3).
41
Let a(r) = -2*r**3 - 19*r**2 + 25*r + 243. Determine a(-10).
93
Let q(m) = -m**2 + 660*m - 3306. Give q(5).
-31
Let n(a) = -a**3 - 16*a**2 - 52*a - 55. What is n(-12)?
-7
Let z(o) = -o**2 + 208*o - 10326. Determine z(126).
6
Let w(t) = -9*t + 1. Determine w(2).
-17
Let k(w) = -51*w - 1798. Determine k(-36).
38
Let r(q) = 224*q + 17917. Calculate r(-80).
-3
Let m(s) = 2*s**3 + 58*s**2 - 3*s - 66. Give m(-29).
21
Let i(q) = -279*q - 3873. Give i(-14).
33
Let s(m) = 9*m + 77. Give s(-13).
-40
Let z(r) = r**3 + 45*r**2 + 75*r - 381. Determine z(-43).
92
Let j(n) = -5*n - 34. Determine j(0).
-34
Let x(l) = 3*l**3 + 17*l**2 - 60*l - 4. Determine x(4).
220
Let c(o) = 2*o**3 - 10*o**2 - 7*o - 71. What is c(7)?
76
Let h(g) = g**3 - 5*g**2 - 3*g + 9. What is h(7)?
86
Let a(u) = -u**3 - 40*u**2 + 132*u + 145. Give a(-43).
16
Let w(d) = -d**2 + 257*d + 36627. Calculate w(-102).
9
Let t(y) = -2353*y + 35290. Determine t(15).
-5
Let t(b) = 10*b**2 + 117*b + 40. Calculate t(-10).
-130
Let p(y) = 4*y**2 - 41*y - 156. What is p(-3)?
3
Let a(w) = 23*w + 1383. Determine a(-60).
3
Let t(x) = -19*x**2 + 7*x - 39. Calculate t(3).
-189
Let g(b) = -b**3 + 128*b**2 + 68*b - 8695. Calculate g(128).
9
Let a(w) = -6*w**3 + 16*w**2 + 6*w + 6. Determine a(6).
-678
Let d(m) = 888*m - 3109. What is d(4)?
443
Let k(u) = -2*u**3 - 2*u**2 - 10*u + 50. Give k(3).
-52
Let x(b) = 433*b + 13395. Determine x(-31).
-28
Let i(h) = 28*h + 263. What is i(-9)?
11
Let j(n) = -n**2 + 21*n - 79. What is j(8)?
25
Let w(n) = 10*n + 51. Give w(-4).
11
Let t(h) = 79*h**2 + 712*h + 6. Determine t(-9).
-3
Let r(w) = -21*w**2 + 2633*w - 999. What is r(125)?
1
Let r(q) = -q**2 + 662*q + 114162. Give r(-142).
-6
Let t(x) = 62*x**2 + 117*x - 8. Give t(-2).
6
Let n(a) = -233*a + 6522. Give n(28).
-2
Let i(o) = 1450*o - 115996. Give i(80).
4
Let n(t) = t**2 + 419*t - 5599. Determine n(13).
17
Let c(a) = a**3 - 7*a**2 + 5*a - 3. Give c(4).
-31
Let z(t) = 3*t**3 - 7*t**2 - 45*t - 5. Determine z(7).
366
Let c(z) = -11*z**3 + 41*z**2 - 27*z + 8. What is c(3)?
-1
Let j(a) = -294*a**2 + 3*a + 3. Calculate j(-1).
-294
Let y(u) = 13*u**2 - 418*u + 1250. What is y(3)?
113
Let u(b) = 142*b - 1358. What is u(10)?
62
Let q(i) = 4*i**2 - 605*i + 19872. Determine q(103).
-7
Let i(u) = -3*u**2 - 54*u + 449. What is i(7)?
-76
Let w(m) = 245*m + 17893. Give w(-73).
8
Let k(w) = 12*w**3 - 3*w**2 + 494*w - 497. Determine k(1).
6
Let b(f) = -1138*f + 28469. Calculate b(25).
19
Let y(n) = -7*n**3 - 165*n**2 + 71*n - 13. Calculate y(-24).
11
Let m(b) = b**3 + 11*b**2 + 330*b + 3194. Determine m(-10).
-6
Let l(r) = -3*r + 33. Determine l(-1).
36
Let a(x) = 7*x**3 + 3*x**2 - 44*x + 74. What is a(2)?
54
Let l(n) = 3*n**2 + 114*n - 58. What is l(-39)?
59
Let x(t) = 134*t - 1881. Calculate x(14).
-5
Let y(a) = 3*a**3 + 58*a**2 + 53*a - 3. Calculate y(-1).
-1
Let k(j) = 5*j**2 - 869*j + 3393. Determine k(4).
-3
Let y(q) = -q**3 - 14*q**2 - 411*q - 5759. What is y(-14)?
-5
Let n(q) = q**3 + 19*q**2 + 27*q + 142. Determine n(-18).
-20
Let y(c) = 2*c**2 - 14*c. Determine y(6).
-12
Let l(q) = 63*q - 307. Give l(5).
8
Let g(v) = -v**3 - 50*v**2 + 101*v - 147. Calculate g(-52).
9
Let l(i) = i**2 - 442*i - 1335. What is l(-3)?
0
Let k(x) = -52*x + 1922. Give k(43).
-314
Let w(n) = -2*n**3 + 81*n**2 - 38*n + 59. Determine w(40).
139
Let k(o) = 1088*o - 4357. Calculate k(4).
-5
Let h(j) = -2255*j + 133044. Give h(59).
-1
Let j(q) = 32013*q - 64034. Give j(2).
-8
Let m(x) = -82*x + 222. Determine m(6).
-270
Let r(h) = -1034*h + 12419. Give r(12).
11
Let k(q) = 70*q - 1536. What is k(22)?
4
Let h(a) = -22*a + 125. Calculate h(7).
-29
Let d(s) = 20*s**2 - 1115*s - 295. Determine d(56).
-15
Let n(h) = 12*h**2 - 41*h + 17. Calculate n(3).
2
Let y(i) = 58*i + 238. What is y(-2)?
122
Let l(a) = a**3 - 35*a**2 - 114*a - 1646. Determine l(39).
-8
Let z(v) = -6*v**2 + 14*v - 47. Give z(3).
-59
Let z(s) = -9*s + 1071. Give z(124).
-45
Let s(h) = -7*h + 69. Determine s(-19).
202
Let l(k) = -683*k**3 - 34*k**2 - 32*k + 3. What is l(-1)?
684
Let p(a) = a**2 + 767*a + 2291. Determine p(-3).
-1
Let h(w) = w**2 + 31*w - 3. Calculate h(6).
219
Let d(i) = -504*i - 123. Determine d(0).
-123
Let q(t) = t**2 + 266*t + 2792. Give q(-11).
-13
Let n(z) = -2*z**2 - 87*z - 836. Calculate n(-14).
-10
Let v(q) = -33*q + 146. Determine v(6).
-52
Let k(x) = -6*x**2 + 14*x - 29. Calculate k(12).
-725
Let g(t) = t**3 + 9*t**2 - 2*t + 33. Calculate g(-9).
51
Let f(v) = 64*v + 228. Give f(-3).
36
Let n(o) = -51*o - 596. Determine n(-12).
16
Let a(c) = 36*c**3 - 5*c**2 - 18*c + 63. Give a(3).
936
Let r(l) = 200*l + 1390. Calculate r(-7).
-10
Let b(v) = -16*v**3 + 81*v**2 + 3*v - 35. Determine b(5).
5
Let p(g) = 156*g + 443. Give p(-3).
-25
Let n(p) = -36*p - 95. Calculate n(-2).
-23
Let d(k) = -79*k + 19. Give d(-3).
256
Let l(n) = -n**3 - 24*n**2 - 3*n + 472. Give l(-23).
12
Let r(o) = -4*o**3 + 703*o**2 + 174*o + 323. Determine r(176).
-29
Let i(d) = -d**3 - 10*d**2 + 13*d - 4. Determine i(6).
-502
Let i(l) = -13*l + 29. Calculate i(-12).
185
Let a(x) = 56*x + 1277. Give a(-23).
-11
Let s(r) = 8*r + 901. What is s(-34)?
629
Let g(f) = -380*f + 31545. Determine g(83).
5
Let m(f) = -f**3 + 20*f**2 - 199*f + 2151. Determine m(16).
-9
Let o(x) = -2*x**3 - 13*x**2 + 32*x + 55. What is o(-8)?
-9
Let i(x) = -2*x**2 + 16*x + 111. What is i(14)?
-57
Let h(m) = -2*m**3 + 74*m**2 + 143*m + 425. Calculate h(39).
-82
Let r(v) = 2*v**3 + 17*v**2 + 35*v - 2. Give r(-7).
-100
Let m(q) = q**2 - 12*q + 67. Determine m(9).
40
Let c(b) = -b**2 + 40*b + 153. What is c(48)?
-231
Let t(a) = -a**3 - 10*a**2 - 13*a + 57. Calculate t(-9).
93
Let s(a) = -3*a**3 + 21*a**2 + 26*a - 4. Give s(8).
12
Let i(g) = 5*g - 231. Calculate i(36).
-51
Let y(d) = 2*d**3 - 11*d**2 - 3*d + 2. What is y(6)?
20
Let y(k) = -120*k - 1046. Give y(-10).
154
Let r(y) = -y**3 + 43*y**2 - 56*y + 587. What is r(42)?
-1
Let r(p) = 11*p**2 + 96*p + 47. Calculate r(-10).
187
Let k(l) = l**3 + 20*l**2 - 222*l + 14. What is k(8)?
30
Let u(h) = 636*h - 28566. Give u(45).
54
Let d(q) = 125*q**3 - 515*q**2 + q + 5.